 of 371760?
0
What is the ten thousands digit of 945639?
4
What is the hundreds digit of 1607202?
2
What is the hundreds digit of 279094?
0
What is the hundreds digit of 50552?
5
What is the units digit of 49934?
4
What is the hundred thousands digit of 1464399?
4
What is the millions digit of 2364215?
2
What is the ten thousands digit of 1432085?
3
What is the ten thousands digit of 913708?
1
What is the units digit of 9539191?
1
What is the hundreds digit of 12756?
7
What is the tens digit of 4659460?
6
What is the thousands digit of 353383?
3
What is the thousands digit of 32530094?
0
What is the thousands digit of 249315?
9
What is the thousands digit of 9385882?
5
What is the millions digit of 7346061?
7
What is the tens digit of 12695275?
7
What is the thousands digit of 2577718?
7
What is the hundred thousands digit of 1190355?
1
What is the units digit of 13822838?
8
What is the thousands digit of 338710?
8
What is the tens digit of 918232?
3
What is the units digit of 2533064?
4
What is the tens digit of 78175?
7
What is the millions digit of 5130198?
5
What is the tens digit of 445178?
7
What is the tens digit of 2216453?
5
What is the hundred thousands digit of 8518349?
5
What is the units digit of 19919455?
5
What is the thousands digit of 261753?
1
What is the thousands digit of 7682267?
2
What is the tens digit of 995132?
3
What is the hundred thousands digit of 201627?
2
What is the ten thousands digit of 20660068?
6
What is the hundred thousands digit of 2387321?
3
What is the thousands digit of 518014?
8
What is the ten thousands digit of 1031249?
3
What is the units digit of 709984?
4
What is the units digit of 1129047?
7
What is the millions digit of 12229555?
2
What is the tens digit of 88097?
9
What is the hundred thousands digit of 469707?
4
What is the hundreds digit of 165330?
3
What is the units digit of 3716659?
9
What is the millions digit of 6071905?
6
What is the hundred thousands digit of 1346558?
3
What is the units digit of 182000?
0
What is the units digit of 350030?
0
What is the ten thousands digit of 18127027?
2
What is the tens digit of 1746885?
8
What is the tens digit of 1594666?
6
What is the tens digit of 1275282?
8
What is the thousands digit of 1868453?
8
What is the ten thousands digit of 10740460?
4
What is the tens digit of 865561?
6
What is the thousands digit of 20165314?
5
What is the millions digit of 1055382?
1
What is the thousands digit of 11490707?
0
What is the units digit of 886357?
7
What is the hundreds digit of 4945285?
2
What is the thousands digit of 67613?
7
What is the millions digit of 1498739?
1
What is the hundred thousands digit of 177818?
1
What is the units digit of 13308952?
2
What is the tens digit of 1656601?
0
What is the hundred thousands digit of 180055?
1
What is the hundred thousands digit of 5040418?
0
What is the units digit of 11451645?
5
What is the hundreds digit of 99123?
1
What is the thousands digit of 18622159?
2
What is the thousands digit of 457043?
7
What is the hundred thousands digit of 786471?
7
What is the hundred thousands digit of 3261079?
2
What is the ten thousands digit of 2921393?
2
What is the thousands digit of 50344?
0
What is the tens digit of 143889?
8
What is the thousands digit of 131515?
1
What is the ten thousands digit of 4831700?
3
What is the ten thousands digit of 425321?
2
What is the hundred thousands digit of 222386?
2
What is the tens digit of 471654?
5
What is the hundreds digit of 2770765?
7
What is the hundreds digit of 3343996?
9
What is the tens digit of 1267136?
3
What is the units digit of 12669173?
3
What is the ten thousands digit of 19997754?
9
What is the thousands digit of 5751383?
1
What is the millions digit of 10449293?
0
What is the tens digit of 1132565?
6
What is the thousands digit of 3280720?
0
What is the hundred thousands digit of 215570?
2
What is the tens digit of 19085?
8
What is the hundred thousands digit of 26521670?
5
What is the tens digit of 223686?
8
What is the tens digit of 1050858?
5
What is the hundred thousands digit of 510699?
5
What is the thousands digit of 232365?
2
What is the units digit of 17838583?
3
What is the units digit of 1260750?
0
What is the tens digit of 46534?
3
What is the hundreds digit of 429044?
0
What is the thousands digit of 117700?
7
What is the hundred thousands digit of 156609?
1
What is the tens digit of 23991129?
2
What is the units digit of 1084546?
6
What is the tens digit of 294883?
8
What is the hundreds digit of 882797?
7
What is the hundreds digit of 25939654?
6
What is the ten thousands digit of 4347677?
4
What is the hundreds digit of 20747791?
7
What is the ten thousands digit of 2647051?
4
What is the ten thousands digit of 12098370?
9
What is the ten thousands digit of 9208557?
0
What is the units digit of 8394695?
5
What is the hundreds digit of 212021?
0
What is the thousands digit of 424238?
4
What is the tens digit of 267402?
0
What is the tens digit of 7668573?
7
What is the thousands digit of 1540547?
0
What is the thousands digit of 267768?
7
What is the hundreds digit of 3257937?
9
What is the units digit of 45989?
9
What is the hundred thousands digit of 9108946?
1
What is the millions digit of 2526789?
2
What is the units digit of 5564310?
0
What is the hundreds digit of 2653878?
8
What is the thousands digit of 3156708?
6
What is the hundred thousands digit of 784143?
7
What is the ten thousands digit of 388370?
8
What is the ten thousands digit of 19121?
1
What is the units digit of 724120?
0
What is the tens digit of 30693669?
6
What is the ten thousands digit of 19179293?
7
What is the units digit of 8177508?
8
What is the hundred thousands digit of 710193?
7
What is the hundred thousands digit of 184555?
1
What is the units digit of 184907?
7
What is the hundred thousands digit of 135906?
1
What is the hundred thousands digit of 413918?
4
What is the hundred thousands digit of 24187147?
1
What is the hundreds digit of 2029788?
7
What is the hundreds digit of 4401374?
3
What is the ten thousands digit of 1900222?
0
What is the hundred thousands digit of 2286900?
2
What is the thousands digit of 8241116?
1
What is the ten thousands digit of 6960527?
6
What is the thousands digit of 288840?
8
What is the hundred thousands digit of 4264718?
2
What is the tens digit of 5029821?
2
What is the tens digit of 299856?
5
What is the ten millions digit of 17363161?
1
What is the tens digit of 8714289?
8
What is the millions digit of 1331739?
1
What is the units digit of 5976712?
2
What is the ten thousands digit of 2152242?
5
What is the millions digit of 12532491?
2
What is the tens digit of 195277?
7
What is the thousands digit of 7777?
7
What is the millions digit of 7397202?
7
What is the tens digit of 259516?
1
What is the hundreds digit of 926666?
6
What is the hundred thousands digit of 182849?
1
What is the hundreds digit of 642577?
5
What is the hundred thousands digit of 697683?
6
What is the tens digit of 105328?
2
What is the hundred thousands digit of 308389?
3
What is the ten thousands digit of 257572?
5
What is the ten thousands digit of 354220?
5
What is the units digit of 8380774?
4
What is the hundred thousands digit of 909442?
9
What is the units digit of 772175?
5
What is the ten thousands digit of 798830?
9
What is the tens digit of 662376?
7
What is the tens digit of 533229?
2
What is the ten thousands digit of 892127?
9
What is the hundreds digit of 291465?
4
What is the millions digit of 2707340?
2
What is the units digit of 12324605?
5
What is the hundreds digit of 707322?
3
What is the tens digit of 297870?
7
What is the ten thousands digit of 746106?
4
What is the tens digit of 2002088?
8
What is the thousands digit of 22061048?
1
What is the ten thousands digit of 280123?
8
What is the hundred thousands digit of 610159?
6
What is the thousands digit of 3301589?
1
What is the units digit of 20408581?
1
What is the ten thousands digit of 182811?
8
What is the ten thousands digit of 106551?
0
What is the hundred thousands digit of 1671443?
6
What is the ten thousands digit of 242087?
4
What is the tens digit of 8887544?
4
What is the hundred thousands digit of 385940?
3
What is the millions digit of 5666572?
5
What is th